g = 7. Suppose -v*y - 16 = -7*y. Calculate the greatest common factor of y and 4.
4
Suppose 2*i - 374 = -4*d, 2*d - 7*i = -2*i + 205. Let s = d - 90. Suppose -s*m - 5 = -75. Calculate the highest common factor of m and 168.
14
Let s be (-8)/(-15) - (-130)/975 - 47847/(-9). What is the greatest common factor of 13 and s?
13
Let h be (131 + -189)/((-1)/3). Calculate the greatest common factor of 6 and h.
6
Let u be (105/(-40))/7 - 7843/(-8). Suppose -24*p = -20*p - u. What is the greatest common divisor of 5 and p?
5
Let n(x) = 20*x**2 - 6*x - 8. Let r(q) = 20*q - 36. Let j be r(2). Let y be n(j). Calculate the highest common divisor of 36 and y.
36
Suppose 11*f = f + 20. Let n be 8/(-4) + 41 + (-4)/f. Calculate the highest common factor of 333 and n.
37
Let a = -18045 + 18111. Calculate the greatest common divisor of 16896 and a.
66
Let k(p) = 3*p**2 + 2*p - 5. Suppose -31 = 2*b + 5*a, 0 = -3*b + b + a - 1. Let x = b + 6. Let g be k(x). Calculate the highest common divisor of g and 70.
14
Let j(a) = a**3 - a**2 + 2*a + 2. Let d be j(0). Let o be 342/(-8) + -2*d/16. Let v = 67 + o. What is the highest common factor of v and 96?
24
Let m be ((20/(-5))/20)/(11/(-7865)). Calculate the highest common divisor of m and 1859.
143
Suppose -1545*o - 24255 = -1548*o. Calculate the greatest common divisor of o and 165.
165
Let p = 13489 + -12208. Calculate the greatest common divisor of p and 189.
21
Suppose -7*n = -57 - 48. Suppose -3 = -2*t + n. Suppose 0 = -t*v + 49 + 410. What is the greatest common divisor of 17 and v?
17
Suppose 249 = 3*p + 108. Suppose 500 = 51*j - p*j. Calculate the highest common factor of j and 5.
5
Let a(x) = 44*x + 4059. Let g be a(-72). What is the highest common factor of g and 165?
33
Suppose n = -2*a - 5, -4*n = 2*a - 11 + 19. Let f be (-21 - -4)/1*a. What is the highest common factor of 17 and f?
17
Let u(o) be the third derivative of 3*o**6/40 - o**5/60 + o**4/24 + o**3/2 + 15*o**2. Let q be u(4). What is the greatest common factor of q and 21?
21
Let s(t) = -39*t**2 - 203*t - 25. Let x be s(-5). Calculate the highest common factor of 3855 and x.
15
Let w = 12 - -9. Let f(m) = -43*m + 19*m + m + 7*m - 34. Let k be f(-3). Calculate the highest common divisor of k and w.
7
Let n = 296 + -347. Let j be (-18)/(-153) + -226*9/n. Calculate the highest common factor of j and 15.
5
Suppose -4*j - 5*t + 3774 = 0, -74*t + 2842 = 3*j - 76*t. Calculate the greatest common factor of 22 and j.
22
Let i(m) = -m**2 - 13*m + 17. Let d = -22 - -8. Let p be i(d). Suppose -5*t = -p*o + 457, 2*t - t + 149 = o. What is the highest common factor of 18 and o?
18
Suppose -135 = -3*n - 126. Suppose 3*m - n*f - 213 = 168, 0 = -4*f + 20. What is the greatest common factor of 88 and m?
44
Let u(z) = -z**3 - 20*z**2 + 16*z + 33. Suppose -40*k + 18*k - 462 = 0. Let b be u(k). What is the highest common divisor of 18 and b?
6
Let p be (-636)/21 + (-14)/(-49). Let y(a) = a**2 + 31*a + 83. Let j be y(p). Calculate the highest common factor of 53 and j.
53
Let c = -286812 - -286814. Let l = -55 - -101. What is the highest common factor of c and l?
2
Let h = -4296 - -4309. Calculate the greatest common factor of 9113 and h.
13
Suppose -2*t + 3*c + c = -50, 2*t + c - 25 = 0. Suppose g + 2 = -2. Let k = -1 - g. What is the highest common factor of t and k?
3
Let j be ((-9)/(-1))/((-3)/(-14)). Let o(z) = 2*z**2 + 171*z + 666. Let y be o(-4). Calculate the greatest common divisor of j and y.
14
Let z be ((-24)/9)/((-7)/(1617/2)). Suppose -59*g = -37*g - z. Suppose -c + 3*c + 4 = 0, 4*b - 2*c = 32. Calculate the highest common factor of b and g.
7
Let l be (4/(-10))/(19/(-10355)). Let k = -86 + l. Suppose k = 7*w - 176. What is the highest common factor of 33 and w?
11
Let r be (-44)/198 - 60/(-27). Suppose -1086 = -3*q - r*u, 5*q - 1785 = 3*u + 2*u. Calculate the greatest common factor of 40 and q.
40
Let p be (-1 + 3/15)/((-4)/1750). Let j = 1388 - 1374. What is the greatest common factor of p and j?
14
Let v = 15735 + -15519. Calculate the highest common factor of 1863 and v.
27
Let i(q) = -6*q**2 - 98*q - 55. Let b be i(-11). What is the greatest common divisor of b and 141?
3
Let k(h) = 41*h**2 - 2 - 42*h**2 - 3 - 9*h. Let y be k(-7). Suppose 2*w - 134 - 100 = 0. Calculate the greatest common factor of y and w.
9
Let x be (-5704)/992 + 83/4. Let c = -56 - -296. Calculate the greatest common divisor of x and c.
15
Let h = -370 - -2206. Calculate the highest common factor of h and 187.
17
Suppose -4*v = -5*y + 4*y - 360, 368 = 4*v + y. Let u = 94 - v. Suppose 222 = u*z - 138. What is the greatest common factor of 15 and z?
15
Suppose -3*l = -25*t + 20*t - 708, 3*l = 3*t + 720. Calculate the highest common factor of l and 1312.
82
Let l = -84 + 171. Suppose 4*s + 4*i = i + 338, -s - 2*i = -l. Let k = 138 - s. Calculate the greatest common factor of 55 and k.
55
Let q(o) = 4*o - 12. Let d be q(6). Let p(j) = 11*j**2 - 4*j - 1. Let y be p(-1). Let k = y - -46. Calculate the highest common factor of d and k.
12
Let a(c) = 13*c**2 + 4*c + 6. Let m be a(-4). Suppose -z + 55 = d + 3*z, 0 = -3*z + 8*z. What is the highest common factor of m and d?
11
Suppose -3*d = -21 - 6. Suppose -3*r - 2*q + 25 = 0, 2*r + 25*q - 10 = 23*q. What is the highest common factor of r and d?
3
Suppose 300 = 6*u - 2*u. Suppose -2*p + u = -9. What is the greatest common divisor of p and 7?
7
Suppose -50 = 4*w - 5*h - 488, -338 = -3*w - h. Suppose -3*m = m - w. Calculate the highest common factor of 196 and m.
28
Let j(g) = -29*g + 1981. Let w be j(39). What is the highest common divisor of w and 40?
10
Let i(a) = -8*a**2 - 82*a. Let p(x) = -7*x**2 - 83*x + 1. Let h(q) = -3*i(q) + 2*p(q). Let w be h(-8). Calculate the highest common divisor of w and 46.
2
Suppose 0*j + 30 = 5*j. Suppose o + s - 51 = 6*o, -5 = -5*s. Let d = j - o. What is the highest common factor of 48 and d?
16
Suppose -3*i + 27 = 3*f, -f = -5*i + 90 - 117. Let n = 482 - 74. Calculate the highest common factor of f and n.
12
Let m = -165 + 342. What is the greatest common factor of 944 and m?
59
Suppose -212 = -a - 3*r, 709 + 95 = 4*a + r. What is the highest common factor of 16 and a?
8
Let p be 8*5/(-100) - (-222)/5. What is the greatest common factor of p and 462?
22
Let o = -434 + 443. Suppose o*i - 120 = 6*i. What is the highest common divisor of 70 and i?
10
Let j be -138*87/(-42) - 5/(-35). Calculate the highest common factor of j and 2106.
26
Let l be 165/6*(3080/50)/11. Calculate the highest common factor of 1386 and l.
154
Let m = -83 - -237. Let s be 1239/84 + 15/12 - -12. Calculate the highest common factor of s and m.
14
Let f = 14 - -97. Let a = 153 - f. Let i = 8 - -13. What is the greatest common factor of a and i?
21
Suppose 10 = 5*v, 5*o + 8 = -6*v + 5*v. Let z be 184/56 + o/7. Suppose 5*a + 5*k - 20 = 0, z = 4*a - 3*a + 2*k. What is the highest common divisor of a and 25?
5
Suppose k + 2199 = 29*p - 26*p, -5*p + 3679 = -4*k. Calculate the highest common divisor of p and 51.
17
Let t = 9909 + -7431. Calculate the highest common factor of 126 and t.
42
Suppose -138*x = -80197 - 23855. Calculate the highest common divisor of 286 and x.
26
Let z be 50/125*30*31. Calculate the highest common factor of z and 310.
62
Suppose 11*k + 324 = 17*k. Let p be 1/(-6) + 8271/k. What is the greatest common divisor of 102 and p?
51
Let r = -106 - -205. Let l(h) = 2*h**2 + 2*h + 4. Let s be l(-5). Calculate the greatest common factor of r and s.
11
Let m(n) = -165*n + 5. Let a be m(-1). Suppose a + 68 = 17*b. What is the highest common factor of 7 and b?
7
Let m(x) = -x**2 + 82*x - 668. Let l be m(72). What is the greatest common factor of l and 34372?
52
Let g(s) be the first derivative of s**4/4 + 7*s**3 + 10*s**2 + 40*s - 47. Let c be g(-20). Calculate the greatest common divisor of c and 10.
10
Let u = 9276 + -7004. Calculate the greatest common divisor of 160 and u.
32
Let p be (-3)/(-7) + 67/7. Suppose -15*y + x + 17 = -13*y, 19 = y + 3*x. What is the highest common factor of y and p?
10
Let h(w) = -64*w**3 + 3*w**2 - 12*w - 57. Let l be h(-3). Calculate the greatest common divisor of l and 204.
102
Let a be ((-45)/(-6))/(370/276168). Calculate the greatest common factor of 108 and a.
18
Suppose 20 = -z - 3*z + 